?
6
What is the hundreds digit of 2345684332?
3
What is the thousands digit of 138250967?
0
What is the ten thousands digit of 9039943?
3
What is the thousands digit of 211562604?
2
What is the tens digit of 556405422?
2
What is the millions digit of 48367748?
8
What is the ten thousands digit of 573239442?
3
What is the ten thousands digit of 29975763?
7
What is the units digit of 2691918184?
4
What is the hundred thousands digit of 27739573?
7
What is the tens digit of 4053129858?
5
What is the thousands digit of 68729635?
9
What is the hundreds digit of 3658331079?
0
What is the tens digit of 7028657926?
2
What is the ten thousands digit of 131580771?
8
What is the hundreds digit of 99482100?
1
What is the hundreds digit of 34039838?
8
What is the ten thousands digit of 256117542?
1
What is the ten millions digit of 264330617?
6
What is the ten millions digit of 3235520837?
3
What is the ten thousands digit of 42083510?
8
What is the hundred thousands digit of 866254819?
2
What is the ten thousands digit of 99577015?
7
What is the hundreds digit of 10861987?
9
What is the millions digit of 244199763?
4
What is the hundreds digit of 1509636390?
3
What is the ten thousands digit of 667391889?
9
What is the units digit of 178685101?
1
What is the tens digit of 142650089?
8
What is the billions digit of 4939297196?
4
What is the ten thousands digit of 5759282798?
8
What is the units digit of 170212631?
1
What is the thousands digit of 55271982?
1
What is the units digit of 37656232?
2
What is the millions digit of 16496120?
6
What is the units digit of 336450662?
2
What is the ten thousands digit of 9721676?
2
What is the ten millions digit of 229592580?
2
What is the ten thousands digit of 435189293?
8
What is the tens digit of 5608253036?
3
What is the ten thousands digit of 115893966?
9
What is the hundred millions digit of 1668982903?
6
What is the hundreds digit of 552130852?
8
What is the hundred thousands digit of 46110640?
1
What is the thousands digit of 56392668?
2
What is the millions digit of 644244799?
4
What is the billions digit of 5474465698?
5
What is the hundreds digit of 599754401?
4
What is the ten millions digit of 2160459248?
6
What is the hundred millions digit of 2855561626?
8
What is the millions digit of 119425746?
9
What is the hundred thousands digit of 54484628?
4
What is the hundreds digit of 4651321430?
4
What is the hundreds digit of 245801119?
1
What is the millions digit of 30430731?
0
What is the millions digit of 1335303529?
5
What is the ten millions digit of 1435636659?
3
What is the ten millions digit of 4634938163?
3
What is the thousands digit of 2381353663?
3
What is the ten thousands digit of 63255425?
5
What is the ten thousands digit of 107378750?
7
What is the hundred thousands digit of 84118875?
1
What is the ten thousands digit of 764176797?
7
What is the ten thousands digit of 370647526?
4
What is the units digit of 4480596419?
9
What is the hundred millions digit of 712290506?
7
What is the ten thousands digit of 54268225?
6
What is the thousands digit of 1430038404?
8
What is the units digit of 15514247?
7
What is the hundred thousands digit of 77469085?
4
What is the hundreds digit of 5121821202?
2
What is the hundreds digit of 33217834?
8
What is the hundreds digit of 3857870171?
1
What is the hundreds digit of 140388720?
7
What is the millions digit of 1257582492?
7
What is the hundreds digit of 1127348285?
2
What is the hundred millions digit of 705357883?
7
What is the hundreds digit of 2218171?
1
What is the units digit of 76374575?
5
What is the ten thousands digit of 89624030?
2
What is the thousands digit of 932136144?
6
What is the hundred millions digit of 4257723186?
2
What is the units digit of 61948880?
0
What is the units digit of 590183859?
9
What is the millions digit of 126078444?
6
What is the hundreds digit of 76735429?
4
What is the tens digit of 1066868955?
5
What is the millions digit of 6211107333?
1
What is the hundred thousands digit of 3739051279?
0
What is the ten millions digit of 707503473?
0
What is the hundred millions digit of 5082269931?
0
What is the hundred millions digit of 1785831891?
7
What is the ten millions digit of 64379639?
6
What is the tens digit of 440486064?
6
What is the thousands digit of 100899325?
9
What is the tens digit of 317682125?
2
What is the tens digit of 634595691?
9
What is the hundred millions digit of 356035355?
3
What is the hundred thousands digit of 70120923?
1
What is the thousands digit of 334071156?
1
What is the units digit of 3196010328?
8
What is the ten thousands digit of 3427613467?
1
What is the units digit of 289846068?
8
What is the millions digit of 42361835?
2
What is the hundreds digit of 734321682?
6
What is the thousands digit of 1011647151?
7
What is the hundred millions digit of 281681321?
2
What is the ten millions digit of 2954259059?
5
What is the tens digit of 20919293?
9
What is the thousands digit of 37395116?
5
What is the thousands digit of 99434310?
4
What is the hundreds digit of 541469107?
1
What is the hundreds digit of 490376568?
5
What is the hundred thousands digit of 154823035?
8
What is the millions digit of 884780585?
4
What is the hundreds digit of 29602455?
4
What is the ten thousands digit of 217566595?
6
What is the ten millions digit of 49734748?
4
What is the ten thousands digit of 20765173?
6
What is the ten thousands digit of 40173619?
7
What is the units digit of 129916528?
8
What is the units digit of 93070619?
9
What is the thousands digit of 59644631?
4
What is the units digit of 62308927?
7
What is the ten thousands digit of 58317369?
1
What is the ten thousands digit of 357126118?
2
What is the thousands digit of 749924562?
4
What is the hundred thousands digit of 2968578?
9
What is the ten millions digit of 85685082?
8
What is the units digit of 47821015?
5
What is the hundreds digit of 215227471?
4
What is the ten millions digit of 3280108629?
8
What is the tens digit of 117902438?
3
What is the units digit of 458377786?
6
What is the tens digit of 531996999?
9
What is the units digit of 1678843319?
9
What is the ten millions digit of 95992015?
9
What is the ten thousands digit of 92776704?
7
What is the ten millions digit of 810768238?
1
What is the tens digit of 72252876?
7
What is the units digit of 46245709?
9
What is the hundred millions digit of 2203474528?
2
What is the ten thousands digit of 6135839?
3
What is the millions digit of 362617572?
2
What is the ten thousands digit of 228434043?
3
What is the thousands digit of 4168390343?
0
What is the billions digit of 1756334136?
1
What is the hundreds digit of 7564076?
0
What is the tens digit of 979867543?
4
What is the hundreds digit of 109566353?
3
What is the ten thousands digit of 1859580789?
8
What is the ten millions digit of 501584961?
0
What is the ten millions digit of 274505658?
7
What is the tens digit of 453069619?
1
What is the hundred thousands digit of 999744192?
7
What is the ten thousands digit of 69677107?
7
What is the millions digit of 9397613?
9
What is the millions digit of 22512800?
2
What is the ten thousands digit of 712616489?
1
What is the ten thousands digit of 512063811?
6
What is the millions digit of 44381094?
4
What is the ten millions digit of 52786754?
5
What is the hundred millions digit of 5510776628?
5
What is the ten thousands digit of 735323052?
2
What is the ten thousands digit of 139204079?
0
What is the ten thousands digit of 148829949?
2
What is the ten thousands digit of 298823795?
2
What is the hundred thousands digit of 661735301?
7
What is the ten millions digit of 172117806?
7
What is the billions digit of 1459619418?
1
What is the hundreds digit of 14358875?
8
What is the units digit of 275760705?
5
What is the hundreds digit of 1175642571?
5
What is the hundreds digit of 179805301?
3
What is the ten millions digit of 23552543?
2
What is the hundred millions digit of 564779195?
5
What is the units digit of 23349238?
8
What is the ten millions digit of 3219511188?
1
What is the hundred millions digit of 253655812?
2
What is the units digit of 32104909?
9
What is the millions digit of 64016040?
4
What is the hundred millions digit of 1554781222?
5
What is the tens digit